{"id":12,"date":"2023-12-04T17:16:39","date_gmt":"2023-12-04T20:16:39","guid":{"rendered":"https:\/\/optlight.com.br\/?page_id=12"},"modified":"2024-02-23T09:40:25","modified_gmt":"2024-02-23T12:40:25","slug":"home","status":"publish","type":"page","link":"https:\/\/optlight.com.br\/","title":{"rendered":"Optlight &#8211; Home"},"content":{"rendered":"\n<div class=\"wp-block-cover alignfull is-light hestia-clear-top-padding\"><span aria-hidden=\"true\" class=\"wp-block-cover__background has-white-background-color has-background-dim-100 has-background-dim\"><\/span><div class=\"wp-block-cover__inner-container is-layout-flow wp-block-cover-is-layout-flow\">\n<h2 class=\"wp-block-heading has-text-align-center has-text-color\" style=\"color:#3c4858\">                                               <\/h2>\n\n\n\n<p>                    <\/p>\n\n\n\n<div style=\"height:0px\" aria-hidden=\"true\" class=\"wp-block-spacer\"><\/div>\n\n\n\n<div class=\"wp-block-columns container is-layout-flex wp-container-core-columns-layout-3 wp-block-columns-is-layout-flex\">\n<div class=\"wp-block-column is-vertically-aligned-stretch is-layout-flow wp-block-column-is-layout-flow\">\n<figure class=\"wp-block-image alignwide size-large\"><img loading=\"lazy\" decoding=\"async\" width=\"1024\" height=\"684\" src=\"http:\/\/optlight.com.br\/wp-content\/uploads\/2023\/12\/iStock-1369239918-1024x684.jpg\" alt=\"\" class=\"wp-image-59\" srcset=\"https:\/\/optlight.com.br\/wp-content\/uploads\/2023\/12\/iStock-1369239918-1024x684.jpg 1024w, https:\/\/optlight.com.br\/wp-content\/uploads\/2023\/12\/iStock-1369239918-300x200.jpg 300w, https:\/\/optlight.com.br\/wp-content\/uploads\/2023\/12\/iStock-1369239918-768x513.jpg 768w, https:\/\/optlight.com.br\/wp-content\/uploads\/2023\/12\/iStock-1369239918-1536x1025.jpg 1536w, https:\/\/optlight.com.br\/wp-content\/uploads\/2023\/12\/iStock-1369239918-2048x1367.jpg 2048w, https:\/\/optlight.com.br\/wp-content\/uploads\/2023\/12\/iStock-1369239918-360x240.jpg 360w\" sizes=\"(max-width: 1024px) 100vw, 1024px\" \/><\/figure>\n\n\n\n<ul>\n<li style=\"font-size:18px\">Servi\u00e7os de consultoria em:\n<ul>\n<li style=\"font-size:18px\">Arquitetura, tecnologia e solu\u00e7\u00f5es <\/li>\n\n\n\n<li style=\"font-size:18px\">Mercado: Estado atual e tend\u00eancias<\/li>\n\n\n\n<li style=\"font-size:18px\">Processos e estruturas internas<\/li>\n\n\n\n<li style=\"font-size:18px\">Business cases e estudos de casos<\/li>\n\n\n\n<li style=\"font-size:18px\">Automa\u00e7\u00e3o de redes<\/li>\n\n\n\n<li style=\"font-size:18px\">Otimiza\u00e7\u00e3o de redes<\/li>\n\n\n\n<li style=\"font-size:18px\">Integra\u00e7\u00e3o com rede IP<\/li>\n\n\n\n<li style=\"font-size:18px\">Integra\u00e7\u00e3o multi-vendors<\/li>\n<\/ul>\n<\/li>\n\n\n\n<li style=\"font-size:18px\">Outsourcing de Consultores e Engenheiros<\/li>\n<\/ul>\n\n\n\n<div style=\"height:25px\" aria-hidden=\"true\" class=\"wp-block-spacer\"><\/div>\n\n\n\n<div style=\"height:40px\" aria-hidden=\"true\" class=\"wp-block-spacer\"><\/div>\n<\/div>\n\n\n\n<div class=\"wp-block-column is-layout-flow wp-block-column-is-layout-flow\">\n<figure class=\"wp-block-image alignwide size-large\"><img loading=\"lazy\" decoding=\"async\" width=\"1024\" height=\"683\" src=\"http:\/\/optlight.com.br\/wp-content\/uploads\/2023\/12\/iStock-1473781095-1024x683.jpg\" alt=\"\" class=\"wp-image-60\" srcset=\"https:\/\/optlight.com.br\/wp-content\/uploads\/2023\/12\/iStock-1473781095-1024x683.jpg 1024w, https:\/\/optlight.com.br\/wp-content\/uploads\/2023\/12\/iStock-1473781095-300x200.jpg 300w, https:\/\/optlight.com.br\/wp-content\/uploads\/2023\/12\/iStock-1473781095-768x512.jpg 768w, https:\/\/optlight.com.br\/wp-content\/uploads\/2023\/12\/iStock-1473781095-1536x1024.jpg 1536w, https:\/\/optlight.com.br\/wp-content\/uploads\/2023\/12\/iStock-1473781095-2048x1365.jpg 2048w, https:\/\/optlight.com.br\/wp-content\/uploads\/2023\/12\/iStock-1473781095-360x240.jpg 360w\" sizes=\"(max-width: 1024px) 100vw, 1024px\" \/><\/figure>\n\n\n\n<ul>\n<li style=\"font-size:18px\">Servi\u00e7os de Engenharia:\n<ul>\n<li style=\"font-size:18px\">Planejamento, design e projetos de redes<\/li>\n\n\n\n<li style=\"font-size:18px\">Provas de conceito e homologa\u00e7\u00e3o <\/li>\n\n\n\n<li style=\"font-size:18px\">Projetos e suporte a implanta\u00e7\u00e3o<\/li>\n\n\n\n<li style=\"font-size:18px\">Gerenciamento de projeto<\/li>\n\n\n\n<li style=\"font-size:18px\">Automa\u00e7\u00e3o e integra\u00e7\u00e3o de redes<\/li>\n<\/ul>\n<\/li>\n\n\n\n<li style=\"font-size:18px\">Treinamento e capacita\u00e7\u00e3o t\u00e9cnica em:\n<ul>\n<li style=\"font-size:18px\">Tecnologia e arquiteturas de rede<\/li>\n\n\n\n<li style=\"font-size:18px\">Planejamento, projeto e design de redes<\/li>\n\n\n\n<li style=\"font-size:18px\">Solu\u00e7\u00f5es em redes de transporte<\/li>\n<\/ul>\n<\/li>\n<\/ul>\n\n\n\n<div class=\"wp-block-group is-layout-constrained wp-block-group-is-layout-constrained\"><div class=\"wp-block-group__inner-container\">\n<div class=\"wp-block-columns is-layout-flex wp-container-core-columns-layout-2 wp-block-columns-is-layout-flex\">\n<div class=\"wp-block-column is-layout-flow wp-block-column-is-layout-flow\" style=\"flex-basis:100%\">\n<div class=\"wp-block-columns is-layout-flex wp-container-core-columns-layout-1 wp-block-columns-is-layout-flex\">\n<div class=\"wp-block-column is-layout-flow wp-block-column-is-layout-flow\"><\/div>\n\n\n\n<div class=\"wp-block-column is-layout-flow wp-block-column-is-layout-flow\"><\/div>\n<\/div>\n<\/div>\n<\/div>\n<\/div><\/div>\n<\/div>\n<\/div>\n<\/div><\/div>\n\n\n\n<div class=\"wp-block-columns container is-layout-flex wp-container-core-columns-layout-4 wp-block-columns-is-layout-flex\">\n<div class=\"wp-block-column col-md-5 is-layout-flow wp-block-column-is-layout-flow\">\n<div style=\"height:55px\" aria-hidden=\"true\" class=\"wp-block-spacer\"><\/div>\n\n\n\n<h2 class=\"wp-block-heading\">Optlight <\/h2>\n\n\n\n<p>Engenharia e Consultoria em redes<\/p>\n\n\n\n<p>Gostaria de nos conhecer melhor? Leia mais sobre nossa miss\u00e3o, equipe t\u00e9cnica e escopo de atua\u00e7\u00e3o no menu principal.<\/p>\n<\/div>\n\n\n\n<div class=\"wp-block-column col-md-6 col-md-offset1 is-layout-flow wp-block-column-is-layout-flow\">\n<div style=\"height:55px\" aria-hidden=\"true\" class=\"wp-block-spacer\"><\/div>\n\n\n\n<figure class=\"wp-block-image size-full is-resized is-style-rounded\"><img loading=\"lazy\" decoding=\"async\" width=\"512\" height=\"512\" src=\"http:\/\/optlight.com.br\/wp-content\/uploads\/2023\/12\/cropped-Captura-de-Tela-2023-12-06-as-16.16.07.jpeg\" alt=\"\" class=\"wp-image-124\" style=\"width:189px;height:auto\" srcset=\"https:\/\/optlight.com.br\/wp-content\/uploads\/2023\/12\/cropped-Captura-de-Tela-2023-12-06-as-16.16.07.jpeg 512w, https:\/\/optlight.com.br\/wp-content\/uploads\/2023\/12\/cropped-Captura-de-Tela-2023-12-06-as-16.16.07-300x300.jpeg 300w, https:\/\/optlight.com.br\/wp-content\/uploads\/2023\/12\/cropped-Captura-de-Tela-2023-12-06-as-16.16.07-150x150.jpeg 150w, https:\/\/optlight.com.br\/wp-content\/uploads\/2023\/12\/cropped-Captura-de-Tela-2023-12-06-as-16.16.07-270x270.jpeg 270w, https:\/\/optlight.com.br\/wp-content\/uploads\/2023\/12\/cropped-Captura-de-Tela-2023-12-06-as-16.16.07-192x192.jpeg 192w, https:\/\/optlight.com.br\/wp-content\/uploads\/2023\/12\/cropped-Captura-de-Tela-2023-12-06-as-16.16.07-180x180.jpeg 180w, https:\/\/optlight.com.br\/wp-content\/uploads\/2023\/12\/cropped-Captura-de-Tela-2023-12-06-as-16.16.07-32x32.jpeg 32w\" sizes=\"(max-width: 512px) 100vw, 512px\" \/><figcaption class=\"wp-element-caption\">.<\/figcaption><\/figure>\n<\/div>\n<\/div>\n","protected":false},"excerpt":{"rendered":"<p>Optlight Engenharia e Consultoria em redes Gostaria de nos conhecer melhor? Leia mais sobre nossa miss\u00e3o, equipe t\u00e9cnica e escopo de atua\u00e7\u00e3o no menu principal.<\/p>\n","protected":false},"author":1,"featured_media":47,"parent":0,"menu_order":0,"comment_status":"closed","ping_status":"closed","template":"","meta":{"om_disable_all_campaigns":false,"_monsterinsights_skip_tracking":false,"_monsterinsights_sitenote_active":false,"_monsterinsights_sitenote_note":"","_monsterinsights_sitenote_category":0,"footnotes":""},"aioseo_notices":[],"_links":{"self":[{"href":"https:\/\/optlight.com.br\/index.php?rest_route=\/wp\/v2\/pages\/12"}],"collection":[{"href":"https:\/\/optlight.com.br\/index.php?rest_route=\/wp\/v2\/pages"}],"about":[{"href":"https:\/\/optlight.com.br\/index.php?rest_route=\/wp\/v2\/types\/page"}],"author":[{"embeddable":true,"href":"https:\/\/optlight.com.br\/index.php?rest_route=\/wp\/v2\/users\/1"}],"replies":[{"embeddable":true,"href":"https:\/\/optlight.com.br\/index.php?rest_route=%2Fwp%2Fv2%2Fcomments&post=12"}],"version-history":[{"count":56,"href":"https:\/\/optlight.com.br\/index.php?rest_route=\/wp\/v2\/pages\/12\/revisions"}],"predecessor-version":[{"id":333,"href":"https:\/\/optlight.com.br\/index.php?rest_route=\/wp\/v2\/pages\/12\/revisions\/333"}],"wp:featuredmedia":[{"embeddable":true,"href":"https:\/\/optlight.com.br\/index.php?rest_route=\/wp\/v2\/media\/47"}],"wp:attachment":[{"href":"https:\/\/optlight.com.br\/index.php?rest_route=%2Fwp%2Fv2%2Fmedia&parent=12"}],"curies":[{"name":"wp","href":"https:\/\/api.w.org\/{rel}","templated":true}]}}