{"id":146,"date":"2023-12-16T13:07:25","date_gmt":"2023-12-16T16:07:25","guid":{"rendered":"https:\/\/optlight.com.br\/?page_id=146"},"modified":"2024-03-11T15:23:16","modified_gmt":"2024-03-11T18:23:16","slug":"quem-somos","status":"publish","type":"page","link":"https:\/\/optlight.com.br\/?page_id=146","title":{"rendered":"Optlight &#8211; Quem somos?"},"content":{"rendered":"\n<p>Somos uma empresa de servi\u00e7os de Engenharia e Consultoria em redes. <\/p>\n\n\n\n<p>Temos como miss\u00e3o prover apoio t\u00e9cnico e gerencial altamente qualificado a fornecedores, integradores e provedores de solu\u00e7\u00f5es de comunica\u00e7\u00e3o, em parceria que ofere\u00e7a atualiza\u00e7\u00e3o tecnol\u00f3gica e de arquiteturas, promo\u00e7\u00e3o de inova\u00e7\u00e3o tanto em solu\u00e7\u00f5es como em processos internos, apoio as atividades de planejamento e de projetos, assim como oferecer capacita\u00e7\u00e3o em tecnologia ou solu\u00e7\u00f5es de Hardware\/Software em redes de transporte.<\/p>\n\n\n\n<h2 class=\"wp-block-heading\">Experi\u00eancia e qualifica\u00e7\u00e3o t\u00e9cnica<\/h2>\n\n\n\n<p>Equipe t\u00e9cnica com 26 anos de experiencia no mercado local, regional e internacional de redes de transporte, tendo atuado junto \u00e0s principais empresas de redes, de classe mundial. Principais projetos e conquistas:<\/p>\n\n\n\n<ul>\n<li>Venda, design e implementa\u00e7\u00e3o da maior rede fot\u00f4nica da America Latina (Top 3 mundo):\n<ul>\n<li>Rede mesh DWDM com mais de 400 n\u00f3s fot\u00f4nicos, transporte de 30Tb\/s+ de tr\u00e1fego, em enlaces de at\u00e9 3000km.<\/li>\n\n\n\n<li>Restaura\u00e7\u00e3o no dom\u00ednio \u00f3ptico de centenas de canais \u00f3pticos \u00e0 100 e 200 Gb\/s, com valida\u00e7\u00e3o de OSNR em tempo real e aplica\u00e7\u00e3o de m\u00faltiplas constraints de rede.<\/li>\n\n\n\n<li>N\u00f3s \u00f3pticos ROADM Colorless, Contentionless, Directionless Flex Spectrum de at\u00e9 12 dire\u00e7\u00f5es<\/li>\n\n\n\n<li>Rea\u00e7\u00e3o a dupla falha combinada com o dom\u00ednio IP, de maneira a evitar isolamento de sites<\/li>\n\n\n\n<li>OTDR integrado a todos os n\u00f3s de rede<\/li>\n\n\n\n<li>Ger\u00eancia IP-Optical integrada<\/li>\n\n\n\n<li>Aplica\u00e7\u00f5es de automa\u00e7\u00e3o de rede para os dom\u00ednios Optical e IP<\/li>\n<\/ul>\n<\/li>\n\n\n\n<li>Realiza\u00e7\u00e3o de roadshows\/workshops de tecnologia e arquitetura de redes para os principais provedores de servi\u00e7os de comunica\u00e7\u00e3o na Am\u00e9rica Latina<\/li>\n\n\n\n<li>Capacita\u00e7\u00e3o em sistemas \u00f3pticos, arquiteturas e solu\u00e7\u00f5es de redes de transporte para os integradores de redes\/parceiros da Cisco. <\/li>\n\n\n\n<li>Realiza\u00e7\u00e3o de dezenas de provas de conceitos e homologa\u00e7\u00f5es de produtos para provedores Tier-1\/2 na Am\u00e9rica Latina<\/li>\n\n\n\n<li>Participante na OFC (Optical Fiber Communication) forum desde 2016, como expositor e conferencista<\/li>\n\n\n\n<li>Design e implementa\u00e7\u00e3o de grandes projetos de interconec\u00e7\u00e3o de Data-centers (Ita\u00fa, Santander, &#8230;)<\/li>\n\n\n\n<li>Design e implementa\u00e7\u00e3o dos primeiros projetos submarinos de tecnologia coerente na America do Sul TIWS-SAm-1 (Telxius)<\/li>\n\n\n\n<li>Venda, design e implanta\u00e7\u00e3o dos primeiros sistemas SDH-DWDM de alta velocidade terrestres e submarinos no Brazil (Embratel, Telefonica, TIWS, Tyco, Globenet, 360 Networks,..) <\/li>\n\n\n\n<li>Projeto de moderniza\u00e7\u00e3o das principais esta\u00e7\u00f5es Central Office da Optus Australia<\/li>\n\n\n\n<li>Venda, design e implanta\u00e7\u00e3so do maior projeto \u00f3ptico SDH\/DWDM do mundo em 2002, Reliance Nationwide Optical backbone, India (Reliance Jio).<\/li>\n\n\n\n<li>Master of Science em sistemas \u00f3pticos de comunica\u00e7\u00e3o<\/li>\n<\/ul>\n","protected":false},"excerpt":{"rendered":"<p>Somos uma empresa de servi\u00e7os de Engenharia e Consultoria em redes. Temos como miss\u00e3o prover apoio t\u00e9cnico e gerencial altamente qualificado a fornecedores, integradores e provedores de solu\u00e7\u00f5es de comunica\u00e7\u00e3o, em parceria que ofere\u00e7a atualiza\u00e7\u00e3o tecnol\u00f3gica e de arquiteturas, promo\u00e7\u00e3o de inova\u00e7\u00e3o tanto em solu\u00e7\u00f5es como em processos internos, apoio [&hellip;]<\/p>\n","protected":false},"author":1,"featured_media":0,"parent":0,"menu_order":0,"comment_status":"closed","ping_status":"closed","template":"","meta":{"om_disable_all_campaigns":false,"_monsterinsights_skip_tracking":false,"_monsterinsights_sitenote_active":false,"_monsterinsights_sitenote_note":"","_monsterinsights_sitenote_category":0,"footnotes":""},"aioseo_notices":[],"_links":{"self":[{"href":"https:\/\/optlight.com.br\/index.php?rest_route=\/wp\/v2\/pages\/146"}],"collection":[{"href":"https:\/\/optlight.com.br\/index.php?rest_route=\/wp\/v2\/pages"}],"about":[{"href":"https:\/\/optlight.com.br\/index.php?rest_route=\/wp\/v2\/types\/page"}],"author":[{"embeddable":true,"href":"https:\/\/optlight.com.br\/index.php?rest_route=\/wp\/v2\/users\/1"}],"replies":[{"embeddable":true,"href":"https:\/\/optlight.com.br\/index.php?rest_route=%2Fwp%2Fv2%2Fcomments&post=146"}],"version-history":[{"count":19,"href":"https:\/\/optlight.com.br\/index.php?rest_route=\/wp\/v2\/pages\/146\/revisions"}],"predecessor-version":[{"id":391,"href":"https:\/\/optlight.com.br\/index.php?rest_route=\/wp\/v2\/pages\/146\/revisions\/391"}],"wp:attachment":[{"href":"https:\/\/optlight.com.br\/index.php?rest_route=%2Fwp%2Fv2%2Fmedia&parent=146"}],"curies":[{"name":"wp","href":"https:\/\/api.w.org\/{rel}","templated":true}]}}